{"id":842,"date":"2017-02-23T22:42:21","date_gmt":"2017-02-23T21:42:21","guid":{"rendered":"http:\/\/gsheli.de\/?page_id=842"},"modified":"2017-04-02T21:38:49","modified_gmt":"2017-04-02T19:38:49","slug":"aktivitaeten-und-projekte","status":"publish","type":"page","link":"https:\/\/www.gsheli.de\/?page_id=842","title":{"rendered":"Aktivit\u00e4ten und Projekte"},"content":{"rendered":"<div data-canvas-width=\"290.964013009113\">\n<div data-canvas-width=\"438.57132723871007\">Viele interessante und spannende Aktionen, Investitionen und Projekte konnten\u00a0vom F\u00f6rderverein bereits ideell und finanziell unterst\u00fctzt und realisiert werden.<\/div>\n<div data-canvas-width=\"438.57132723871007\"><\/div>\n<div data-canvas-width=\"438.57132723871007\">Dazu z\u00e4hlt die\u00a0Organisation\u00a0regelm\u00e4\u00dfig stattfinden Veranstaltungen wie:<\/div>\n<\/div>\n<div data-canvas-width=\"290.964013009113\">\n<ul>\n<li data-canvas-width=\"438.57132723871007\">Einschulungscaf\u00e9<\/li>\n<li data-canvas-width=\"438.57132723871007\">Mitmachzirkus<\/li>\n<li data-canvas-width=\"438.57132723871007\">Schulhofaktionstag<\/li>\n<li data-canvas-width=\"438.57132723871007\">Weihnachtsmarkt<\/li>\n<\/ul>\n<p>Dar\u00fcber hinaus hat der F\u00f6rderverein mitgeholfen, das Erscheinungsbild des Schulhofs grundlegend zu \u00fcberarbeiten und naturnah zu gestalten.<\/p>\n<p><img loading=\"lazy\" decoding=\"async\" class=\"alignnone size-large wp-image-895\" src=\"https:\/\/www.gsheli.de\/wp-content\/uploads\/2017\/04\/schulhof-1024x685.jpg\" alt=\"\" width=\"604\" height=\"404\" \/><\/p>\n<p>Aber auch der Unterricht selbst wird durch das Bereitstellen von zus\u00e4tzlichen Unterrichtsmaterialien bereichert. Ohne diese Zusch\u00fcsse g\u00e4be es diese sinnvollen Arbeitsmittel im Unterricht nicht oder m\u00fcssten von den Eltern selbst finanziert werden.<\/p>\n<p>Ebenso wurden neue Spielger\u00e4te und Fahrzeuge angeschafft.<\/p>\n<p><img loading=\"lazy\" decoding=\"async\" class=\"alignnone size-large wp-image-897\" src=\"https:\/\/www.gsheli.de\/wp-content\/uploads\/2017\/04\/spieleausleihe-1024x768.jpg\" alt=\"\" width=\"604\" height=\"453\" srcset=\"https:\/\/www.gsheli.de\/wp-content\/uploads\/2017\/04\/spieleausleihe-1024x768.jpg 1024w, https:\/\/www.gsheli.de\/wp-content\/uploads\/2017\/04\/spieleausleihe-600x450.jpg 600w, https:\/\/www.gsheli.de\/wp-content\/uploads\/2017\/04\/spieleausleihe-768x576.jpg 768w, https:\/\/www.gsheli.de\/wp-content\/uploads\/2017\/04\/spieleausleihe.jpg 2048w\" sizes=\"auto, (max-width: 604px) 100vw, 604px\" \/><\/p>\n<p>Ebenso profitiert die Schulb\u00fccherei von der finanziellen Unterst\u00fctzung. Der Bestand wird stetig aktualisiert und erweitert.<\/p>\n<p>Zudem sorgt die Investition und Einrichtung einer Schulk\u00fcche sowie die die Nutzung des sogenannten Hessentagsgartens als Schulgarten daf\u00fcr, dass das Thema \u201eEssen und gesunde Ern\u00e4hrung\u201c im Unterricht vermittelt werden kann. Die Pacht des Schulgartens wird ebenfalls vom F\u00f6rderverein finanziert.<\/p>\n<p><img loading=\"lazy\" decoding=\"async\" class=\"alignnone size-large wp-image-896\" src=\"https:\/\/www.gsheli.de\/wp-content\/uploads\/2017\/04\/schulk\u00fcche-1024x768.jpg\" alt=\"\" width=\"604\" height=\"453\" srcset=\"https:\/\/www.gsheli.de\/wp-content\/uploads\/2017\/04\/schulk\u00fcche-1024x768.jpg 1024w, https:\/\/www.gsheli.de\/wp-content\/uploads\/2017\/04\/schulk\u00fcche-600x450.jpg 600w, https:\/\/www.gsheli.de\/wp-content\/uploads\/2017\/04\/schulk\u00fcche-768x576.jpg 768w, https:\/\/www.gsheli.de\/wp-content\/uploads\/2017\/04\/schulk\u00fcche.jpg 2048w\" sizes=\"auto, (max-width: 604px) 100vw, 604px\" \/><\/p>\n<\/div>\n","protected":false},"excerpt":{"rendered":"<p>Viele interessante und spannende Aktionen, Investitionen und Projekte konnten\u00a0vom F\u00f6rderverein bereits ideell und finanziell unterst\u00fctzt und realisiert werden. Dazu z\u00e4hlt die\u00a0Organisation\u00a0regelm\u00e4\u00dfig stattfinden Veranstaltungen wie: Einschulungscaf\u00e9 Mitmachzirkus Schulhofaktionstag Weihnachtsmarkt Dar\u00fcber hinaus hat der F\u00f6rderverein mitgeholfen, das Erscheinungsbild des Schulhofs grundlegend zu \u00fcberarbeiten und naturnah zu gestalten. Aber auch der Unterricht selbst wird durch das Bereitstellen von &hellip; <a href=\"https:\/\/www.gsheli.de\/?page_id=842\" class=\"more-link\"><span class=\"screen-reader-text\">Aktivit\u00e4ten und Projekte<\/span> weiterlesen <span class=\"meta-nav\">&rarr;<\/span><\/a><\/p>\n","protected":false},"author":4,"featured_media":0,"parent":26,"menu_order":0,"comment_status":"closed","ping_status":"closed","template":"","meta":{"_bbp_topic_count":0,"_bbp_reply_count":0,"_bbp_total_topic_count":0,"_bbp_total_reply_count":0,"_bbp_voice_count":0,"_bbp_anonymous_reply_count":0,"_bbp_topic_count_hidden":0,"_bbp_reply_count_hidden":0,"_bbp_forum_subforum_count":0,"_crdt_document":"","footnotes":""},"class_list":["post-842","page","type-page","status-publish","hentry"],"yoast_head":"<!-- This site is optimized with the Yoast SEO plugin v27.5 - https:\/\/yoast.com\/product\/yoast-seo-wordpress\/ -->\n<title>Aktivit\u00e4ten und Projekte - Grundschule Hessisch Lichtenau<\/title>\n<meta name=\"robots\" content=\"index, follow, max-snippet:-1, max-image-preview:large, max-video-preview:-1\" \/>\n<link rel=\"canonical\" href=\"https:\/\/www.gsheli.de\/?page_id=842\" class=\"yoast-seo-meta-tag\" \/>\n<meta property=\"og:locale\" content=\"de_DE\" class=\"yoast-seo-meta-tag\" \/>\n<meta property=\"og:type\" content=\"article\" class=\"yoast-seo-meta-tag\" \/>\n<meta property=\"og:title\" content=\"Aktivit\u00e4ten und Projekte - Grundschule Hessisch Lichtenau\" class=\"yoast-seo-meta-tag\" \/>\n<meta property=\"og:description\" content=\"Viele interessante und spannende Aktionen, Investitionen und Projekte konnten\u00a0vom F\u00f6rderverein bereits ideell und finanziell unterst\u00fctzt und realisiert werden. Dazu z\u00e4hlt die\u00a0Organisation\u00a0regelm\u00e4\u00dfig stattfinden Veranstaltungen wie: Einschulungscaf\u00e9 Mitmachzirkus Schulhofaktionstag Weihnachtsmarkt Dar\u00fcber hinaus hat der F\u00f6rderverein mitgeholfen, das Erscheinungsbild des Schulhofs grundlegend zu \u00fcberarbeiten und naturnah zu gestalten. Aber auch der Unterricht selbst wird durch das Bereitstellen von &hellip; Aktivit\u00e4ten und Projekte weiterlesen &rarr;\" class=\"yoast-seo-meta-tag\" \/>\n<meta property=\"og:url\" content=\"https:\/\/www.gsheli.de\/?page_id=842\" class=\"yoast-seo-meta-tag\" \/>\n<meta property=\"og:site_name\" content=\"Grundschule Hessisch Lichtenau\" class=\"yoast-seo-meta-tag\" \/>\n<meta property=\"article:modified_time\" content=\"2017-04-02T19:38:49+00:00\" class=\"yoast-seo-meta-tag\" \/>\n<meta property=\"og:image\" content=\"https:\/\/www.gsheli.de\/wp-content\/uploads\/2017\/04\/schulhof-1024x685.jpg\" class=\"yoast-seo-meta-tag\" \/>\n<meta name=\"twitter:card\" content=\"summary_large_image\" class=\"yoast-seo-meta-tag\" \/>\n<meta name=\"twitter:label1\" content=\"Gesch\u00e4tzte Lesezeit\" class=\"yoast-seo-meta-tag\" \/>\n\t<meta name=\"twitter:data1\" content=\"1\u00a0Minute\" class=\"yoast-seo-meta-tag\" \/>\n<script type=\"application\/ld+json\" class=\"yoast-schema-graph\">{\"@context\":\"https:\\\/\\\/schema.org\",\"@graph\":[{\"@type\":\"WebPage\",\"@id\":\"https:\\\/\\\/www.gsheli.de\\\/?page_id=842\",\"url\":\"https:\\\/\\\/www.gsheli.de\\\/?page_id=842\",\"name\":\"Aktivit\u00e4ten und Projekte - Grundschule Hessisch Lichtenau\",\"isPartOf\":{\"@id\":\"https:\\\/\\\/www.gsheli.de\\\/#website\"},\"primaryImageOfPage\":{\"@id\":\"https:\\\/\\\/www.gsheli.de\\\/?page_id=842#primaryimage\"},\"image\":{\"@id\":\"https:\\\/\\\/www.gsheli.de\\\/?page_id=842#primaryimage\"},\"thumbnailUrl\":\"https:\\\/\\\/www.gsheli.de\\\/wp-content\\\/uploads\\\/2017\\\/04\\\/schulhof-1024x685.jpg\",\"datePublished\":\"2017-02-23T21:42:21+00:00\",\"dateModified\":\"2017-04-02T19:38:49+00:00\",\"breadcrumb\":{\"@id\":\"https:\\\/\\\/www.gsheli.de\\\/?page_id=842#breadcrumb\"},\"inLanguage\":\"de\",\"potentialAction\":[{\"@type\":\"ReadAction\",\"target\":[\"https:\\\/\\\/www.gsheli.de\\\/?page_id=842\"]}]},{\"@type\":\"ImageObject\",\"inLanguage\":\"de\",\"@id\":\"https:\\\/\\\/www.gsheli.de\\\/?page_id=842#primaryimage\",\"url\":\"https:\\\/\\\/www.gsheli.de\\\/wp-content\\\/uploads\\\/2017\\\/04\\\/schulhof.jpg\",\"contentUrl\":\"https:\\\/\\\/www.gsheli.de\\\/wp-content\\\/uploads\\\/2017\\\/04\\\/schulhof.jpg\",\"width\":2048,\"height\":1369},{\"@type\":\"BreadcrumbList\",\"@id\":\"https:\\\/\\\/www.gsheli.de\\\/?page_id=842#breadcrumb\",\"itemListElement\":[{\"@type\":\"ListItem\",\"position\":1,\"name\":\"Startseite\",\"item\":\"https:\\\/\\\/www.gsheli.de\\\/\"},{\"@type\":\"ListItem\",\"position\":2,\"name\":\"F\u00f6rderverein\",\"item\":\"https:\\\/\\\/www.gsheli.de\\\/?page_id=26\"},{\"@type\":\"ListItem\",\"position\":3,\"name\":\"Aktivit\u00e4ten und Projekte\"}]},{\"@type\":\"WebSite\",\"@id\":\"https:\\\/\\\/www.gsheli.de\\\/#website\",\"url\":\"https:\\\/\\\/www.gsheli.de\\\/\",\"name\":\"Grundschule Hessisch Lichtenau\",\"description\":\"\",\"potentialAction\":[{\"@type\":\"SearchAction\",\"target\":{\"@type\":\"EntryPoint\",\"urlTemplate\":\"https:\\\/\\\/www.gsheli.de\\\/?s={search_term_string}\"},\"query-input\":{\"@type\":\"PropertyValueSpecification\",\"valueRequired\":true,\"valueName\":\"search_term_string\"}}],\"inLanguage\":\"de\"}]}<\/script>\n<!-- \/ Yoast SEO plugin. -->","yoast_head_json":{"title":"Aktivit\u00e4ten und Projekte - Grundschule Hessisch Lichtenau","robots":{"index":"index","follow":"follow","max-snippet":"max-snippet:-1","max-image-preview":"max-image-preview:large","max-video-preview":"max-video-preview:-1"},"canonical":"https:\/\/www.gsheli.de\/?page_id=842","og_locale":"de_DE","og_type":"article","og_title":"Aktivit\u00e4ten und Projekte - Grundschule Hessisch Lichtenau","og_description":"Viele interessante und spannende Aktionen, Investitionen und Projekte konnten\u00a0vom F\u00f6rderverein bereits ideell und finanziell unterst\u00fctzt und realisiert werden. Dazu z\u00e4hlt die\u00a0Organisation\u00a0regelm\u00e4\u00dfig stattfinden Veranstaltungen wie: Einschulungscaf\u00e9 Mitmachzirkus Schulhofaktionstag Weihnachtsmarkt Dar\u00fcber hinaus hat der F\u00f6rderverein mitgeholfen, das Erscheinungsbild des Schulhofs grundlegend zu \u00fcberarbeiten und naturnah zu gestalten. Aber auch der Unterricht selbst wird durch das Bereitstellen von &hellip; Aktivit\u00e4ten und Projekte weiterlesen &rarr;","og_url":"https:\/\/www.gsheli.de\/?page_id=842","og_site_name":"Grundschule Hessisch Lichtenau","article_modified_time":"2017-04-02T19:38:49+00:00","og_image":[{"url":"https:\/\/www.gsheli.de\/wp-content\/uploads\/2017\/04\/schulhof-1024x685.jpg","type":"","width":"","height":""}],"twitter_card":"summary_large_image","twitter_misc":{"Gesch\u00e4tzte Lesezeit":"1\u00a0Minute"},"schema":{"@context":"https:\/\/schema.org","@graph":[{"@type":"WebPage","@id":"https:\/\/www.gsheli.de\/?page_id=842","url":"https:\/\/www.gsheli.de\/?page_id=842","name":"Aktivit\u00e4ten und Projekte - Grundschule Hessisch Lichtenau","isPartOf":{"@id":"https:\/\/www.gsheli.de\/#website"},"primaryImageOfPage":{"@id":"https:\/\/www.gsheli.de\/?page_id=842#primaryimage"},"image":{"@id":"https:\/\/www.gsheli.de\/?page_id=842#primaryimage"},"thumbnailUrl":"https:\/\/www.gsheli.de\/wp-content\/uploads\/2017\/04\/schulhof-1024x685.jpg","datePublished":"2017-02-23T21:42:21+00:00","dateModified":"2017-04-02T19:38:49+00:00","breadcrumb":{"@id":"https:\/\/www.gsheli.de\/?page_id=842#breadcrumb"},"inLanguage":"de","potentialAction":[{"@type":"ReadAction","target":["https:\/\/www.gsheli.de\/?page_id=842"]}]},{"@type":"ImageObject","inLanguage":"de","@id":"https:\/\/www.gsheli.de\/?page_id=842#primaryimage","url":"https:\/\/www.gsheli.de\/wp-content\/uploads\/2017\/04\/schulhof.jpg","contentUrl":"https:\/\/www.gsheli.de\/wp-content\/uploads\/2017\/04\/schulhof.jpg","width":2048,"height":1369},{"@type":"BreadcrumbList","@id":"https:\/\/www.gsheli.de\/?page_id=842#breadcrumb","itemListElement":[{"@type":"ListItem","position":1,"name":"Startseite","item":"https:\/\/www.gsheli.de\/"},{"@type":"ListItem","position":2,"name":"F\u00f6rderverein","item":"https:\/\/www.gsheli.de\/?page_id=26"},{"@type":"ListItem","position":3,"name":"Aktivit\u00e4ten und Projekte"}]},{"@type":"WebSite","@id":"https:\/\/www.gsheli.de\/#website","url":"https:\/\/www.gsheli.de\/","name":"Grundschule Hessisch Lichtenau","description":"","potentialAction":[{"@type":"SearchAction","target":{"@type":"EntryPoint","urlTemplate":"https:\/\/www.gsheli.de\/?s={search_term_string}"},"query-input":{"@type":"PropertyValueSpecification","valueRequired":true,"valueName":"search_term_string"}}],"inLanguage":"de"}]}},"_links":{"self":[{"href":"https:\/\/www.gsheli.de\/index.php?rest_route=\/wp\/v2\/pages\/842","targetHints":{"allow":["GET"]}}],"collection":[{"href":"https:\/\/www.gsheli.de\/index.php?rest_route=\/wp\/v2\/pages"}],"about":[{"href":"https:\/\/www.gsheli.de\/index.php?rest_route=\/wp\/v2\/types\/page"}],"author":[{"embeddable":true,"href":"https:\/\/www.gsheli.de\/index.php?rest_route=\/wp\/v2\/users\/4"}],"replies":[{"embeddable":true,"href":"https:\/\/www.gsheli.de\/index.php?rest_route=%2Fwp%2Fv2%2Fcomments&post=842"}],"version-history":[{"count":5,"href":"https:\/\/www.gsheli.de\/index.php?rest_route=\/wp\/v2\/pages\/842\/revisions"}],"predecessor-version":[{"id":908,"href":"https:\/\/www.gsheli.de\/index.php?rest_route=\/wp\/v2\/pages\/842\/revisions\/908"}],"up":[{"embeddable":true,"href":"https:\/\/www.gsheli.de\/index.php?rest_route=\/wp\/v2\/pages\/26"}],"wp:attachment":[{"href":"https:\/\/www.gsheli.de\/index.php?rest_route=%2Fwp%2Fv2%2Fmedia&parent=842"}],"curies":[{"name":"wp","href":"https:\/\/api.w.org\/{rel}","templated":true}]}}