{"id":324,"date":"2016-09-11T10:34:59","date_gmt":"2016-09-11T08:34:59","guid":{"rendered":"http:\/\/gsheli.de\/wp\/?page_id=324"},"modified":"2017-02-11T10:54:29","modified_gmt":"2017-02-11T09:54:29","slug":"aktivitaeten-2","status":"publish","type":"page","link":"https:\/\/www.gsheli.de\/?page_id=324","title":{"rendered":"Aktivit\u00e4ten"},"content":{"rendered":"<p>Mit vielf\u00e4ltigen Aktivit\u00e4ten und Angeboten gestalten wir das Schulleben bunt und abwechslungsreich.<\/p>\n<p>Dazu z\u00e4hlen zun\u00e4chst einmal unsere\u00a0musikalischen Angebote. Viele Kinder nehmen am Schulchor bzw.\u00a0an der Musik-AG teil. Neben der Freude am Singen und gemeinsamen Musizieren erwerben sie dabei gleicherma\u00dfen B\u00fchnenerfahrung. Regelma\u0308\u00dfig stattfindende Auffu\u0308hrungen (Musicals, Konzerte) finden gro\u00dfen Anklang beim Publikum und bereichern das kulturelle Angebot der Stadt. Der Schulchor ist zugleich Kinderchor der Liedertafel Hessisch Lichtenau.<\/p>\n<p>Einen weiteren Schwerpunkt bilden die sportlichen Aktivit\u00e4ten. \u00dcber das Jahr verteilt finden besondere Veranstaltungen statt, wie z.B. Schwimmfeste und V\u00f6lkerball- und Fu\u00dfballturniere. Dar\u00fcberhinaus ist die Schule \u00a0regelm\u00e4\u00dfig mit einer Schulauswahl an regionalen schulsportlichen Wettk\u00e4mpfen vertreten.<\/p>\n<p>Ungef\u00e4hr sechsmal im Jahr finden Jahreszeitenkreise statt. Ein solcher Kreis\u00a0ist eine Vorstellung von und f\u00fcr Kinder. Es gibt verschiedenste Darbietungen einzeln oder im Klassenverband, jeweils eine Klasse ist f\u00fcr Organisation, Aufbau und die Moderation zust\u00e4ndig.<\/p>\n<p>Ein Sommerfest sowie ein Winterfest, der sogenannte Weihnachtsmarkt,\u00a0sind \u00a0besondere &#8222;Highlights&#8220; im Schulleben jeden einzelnen Kindes. Voraus geht eine Projektwoche mit vielen \u00a0verschiedenen Angeboten,\u00a0in die sich die Kinder einw\u00e4hlen k\u00f6nnen.<\/p>\n<p>&nbsp;<\/p>\n<p><strong><a href=\"https:\/\/www.gsheli.de\/aktivitaeten-2\/schulchor-ags\/\">Musikalische Aktivit\u00e4ten\u2192<\/a><\/strong><\/p>\n","protected":false},"excerpt":{"rendered":"<p>Mit vielf\u00e4ltigen Aktivit\u00e4ten und Angeboten gestalten wir das Schulleben bunt und abwechslungsreich. Dazu z\u00e4hlen zun\u00e4chst einmal unsere\u00a0musikalischen Angebote. Viele Kinder nehmen am Schulchor bzw.\u00a0an der Musik-AG teil. Neben der Freude am Singen und gemeinsamen Musizieren erwerben sie dabei gleicherma\u00dfen B\u00fchnenerfahrung. Regelma\u0308\u00dfig stattfindende Auffu\u0308hrungen (Musicals, Konzerte) finden gro\u00dfen Anklang beim Publikum und bereichern das kulturelle Angebot &hellip; <a href=\"https:\/\/www.gsheli.de\/?page_id=324\" class=\"more-link\"><span class=\"screen-reader-text\">Aktivit\u00e4ten<\/span> weiterlesen <span class=\"meta-nav\">&rarr;<\/span><\/a><\/p>\n","protected":false},"author":4,"featured_media":0,"parent":0,"menu_order":30,"comment_status":"closed","ping_status":"closed","template":"","meta":{"_bbp_topic_count":0,"_bbp_reply_count":0,"_bbp_total_topic_count":0,"_bbp_total_reply_count":0,"_bbp_voice_count":0,"_bbp_anonymous_reply_count":0,"_bbp_topic_count_hidden":0,"_bbp_reply_count_hidden":0,"_bbp_forum_subforum_count":0,"_crdt_document":"","footnotes":""},"class_list":["post-324","page","type-page","status-publish","hentry"],"yoast_head":"<!-- This site is optimized with the Yoast SEO plugin v27.5 - https:\/\/yoast.com\/product\/yoast-seo-wordpress\/ -->\n<title>Aktivit\u00e4ten - Grundschule Hessisch Lichtenau<\/title>\n<meta name=\"robots\" content=\"index, follow, max-snippet:-1, max-image-preview:large, max-video-preview:-1\" \/>\n<link rel=\"canonical\" href=\"https:\/\/www.gsheli.de\/?page_id=324\" class=\"yoast-seo-meta-tag\" \/>\n<meta property=\"og:locale\" content=\"de_DE\" class=\"yoast-seo-meta-tag\" \/>\n<meta property=\"og:type\" content=\"article\" class=\"yoast-seo-meta-tag\" \/>\n<meta property=\"og:title\" content=\"Aktivit\u00e4ten - Grundschule Hessisch Lichtenau\" class=\"yoast-seo-meta-tag\" \/>\n<meta property=\"og:description\" content=\"Mit vielf\u00e4ltigen Aktivit\u00e4ten und Angeboten gestalten wir das Schulleben bunt und abwechslungsreich. Dazu z\u00e4hlen zun\u00e4chst einmal unsere\u00a0musikalischen Angebote. Viele Kinder nehmen am Schulchor bzw.\u00a0an der Musik-AG teil. Neben der Freude am Singen und gemeinsamen Musizieren erwerben sie dabei gleicherma\u00dfen B\u00fchnenerfahrung. Regelma\u0308\u00dfig stattfindende Auffu\u0308hrungen (Musicals, Konzerte) finden gro\u00dfen Anklang beim Publikum und bereichern das kulturelle Angebot &hellip; Aktivit\u00e4ten weiterlesen &rarr;\" class=\"yoast-seo-meta-tag\" \/>\n<meta property=\"og:url\" content=\"https:\/\/www.gsheli.de\/?page_id=324\" class=\"yoast-seo-meta-tag\" \/>\n<meta property=\"og:site_name\" content=\"Grundschule Hessisch Lichtenau\" class=\"yoast-seo-meta-tag\" \/>\n<meta property=\"article:modified_time\" content=\"2017-02-11T09:54:29+00:00\" class=\"yoast-seo-meta-tag\" \/>\n<meta name=\"twitter:card\" content=\"summary_large_image\" class=\"yoast-seo-meta-tag\" \/>\n<meta name=\"twitter:label1\" content=\"Gesch\u00e4tzte Lesezeit\" class=\"yoast-seo-meta-tag\" \/>\n\t<meta name=\"twitter:data1\" content=\"1\u00a0Minute\" class=\"yoast-seo-meta-tag\" \/>\n<script type=\"application\/ld+json\" class=\"yoast-schema-graph\">{\"@context\":\"https:\\\/\\\/schema.org\",\"@graph\":[{\"@type\":\"WebPage\",\"@id\":\"https:\\\/\\\/www.gsheli.de\\\/?page_id=324\",\"url\":\"https:\\\/\\\/www.gsheli.de\\\/?page_id=324\",\"name\":\"Aktivit\u00e4ten - Grundschule Hessisch Lichtenau\",\"isPartOf\":{\"@id\":\"https:\\\/\\\/www.gsheli.de\\\/#website\"},\"datePublished\":\"2016-09-11T08:34:59+00:00\",\"dateModified\":\"2017-02-11T09:54:29+00:00\",\"breadcrumb\":{\"@id\":\"https:\\\/\\\/www.gsheli.de\\\/?page_id=324#breadcrumb\"},\"inLanguage\":\"de\",\"potentialAction\":[{\"@type\":\"ReadAction\",\"target\":[\"https:\\\/\\\/www.gsheli.de\\\/?page_id=324\"]}]},{\"@type\":\"BreadcrumbList\",\"@id\":\"https:\\\/\\\/www.gsheli.de\\\/?page_id=324#breadcrumb\",\"itemListElement\":[{\"@type\":\"ListItem\",\"position\":1,\"name\":\"Startseite\",\"item\":\"https:\\\/\\\/www.gsheli.de\\\/\"},{\"@type\":\"ListItem\",\"position\":2,\"name\":\"Aktivit\u00e4ten\"}]},{\"@type\":\"WebSite\",\"@id\":\"https:\\\/\\\/www.gsheli.de\\\/#website\",\"url\":\"https:\\\/\\\/www.gsheli.de\\\/\",\"name\":\"Grundschule Hessisch Lichtenau\",\"description\":\"\",\"potentialAction\":[{\"@type\":\"SearchAction\",\"target\":{\"@type\":\"EntryPoint\",\"urlTemplate\":\"https:\\\/\\\/www.gsheli.de\\\/?s={search_term_string}\"},\"query-input\":{\"@type\":\"PropertyValueSpecification\",\"valueRequired\":true,\"valueName\":\"search_term_string\"}}],\"inLanguage\":\"de\"}]}<\/script>\n<!-- \/ Yoast SEO plugin. -->","yoast_head_json":{"title":"Aktivit\u00e4ten - Grundschule Hessisch Lichtenau","robots":{"index":"index","follow":"follow","max-snippet":"max-snippet:-1","max-image-preview":"max-image-preview:large","max-video-preview":"max-video-preview:-1"},"canonical":"https:\/\/www.gsheli.de\/?page_id=324","og_locale":"de_DE","og_type":"article","og_title":"Aktivit\u00e4ten - Grundschule Hessisch Lichtenau","og_description":"Mit vielf\u00e4ltigen Aktivit\u00e4ten und Angeboten gestalten wir das Schulleben bunt und abwechslungsreich. Dazu z\u00e4hlen zun\u00e4chst einmal unsere\u00a0musikalischen Angebote. Viele Kinder nehmen am Schulchor bzw.\u00a0an der Musik-AG teil. Neben der Freude am Singen und gemeinsamen Musizieren erwerben sie dabei gleicherma\u00dfen B\u00fchnenerfahrung. Regelma\u0308\u00dfig stattfindende Auffu\u0308hrungen (Musicals, Konzerte) finden gro\u00dfen Anklang beim Publikum und bereichern das kulturelle Angebot &hellip; Aktivit\u00e4ten weiterlesen &rarr;","og_url":"https:\/\/www.gsheli.de\/?page_id=324","og_site_name":"Grundschule Hessisch Lichtenau","article_modified_time":"2017-02-11T09:54:29+00:00","twitter_card":"summary_large_image","twitter_misc":{"Gesch\u00e4tzte Lesezeit":"1\u00a0Minute"},"schema":{"@context":"https:\/\/schema.org","@graph":[{"@type":"WebPage","@id":"https:\/\/www.gsheli.de\/?page_id=324","url":"https:\/\/www.gsheli.de\/?page_id=324","name":"Aktivit\u00e4ten - Grundschule Hessisch Lichtenau","isPartOf":{"@id":"https:\/\/www.gsheli.de\/#website"},"datePublished":"2016-09-11T08:34:59+00:00","dateModified":"2017-02-11T09:54:29+00:00","breadcrumb":{"@id":"https:\/\/www.gsheli.de\/?page_id=324#breadcrumb"},"inLanguage":"de","potentialAction":[{"@type":"ReadAction","target":["https:\/\/www.gsheli.de\/?page_id=324"]}]},{"@type":"BreadcrumbList","@id":"https:\/\/www.gsheli.de\/?page_id=324#breadcrumb","itemListElement":[{"@type":"ListItem","position":1,"name":"Startseite","item":"https:\/\/www.gsheli.de\/"},{"@type":"ListItem","position":2,"name":"Aktivit\u00e4ten"}]},{"@type":"WebSite","@id":"https:\/\/www.gsheli.de\/#website","url":"https:\/\/www.gsheli.de\/","name":"Grundschule Hessisch Lichtenau","description":"","potentialAction":[{"@type":"SearchAction","target":{"@type":"EntryPoint","urlTemplate":"https:\/\/www.gsheli.de\/?s={search_term_string}"},"query-input":{"@type":"PropertyValueSpecification","valueRequired":true,"valueName":"search_term_string"}}],"inLanguage":"de"}]}},"_links":{"self":[{"href":"https:\/\/www.gsheli.de\/index.php?rest_route=\/wp\/v2\/pages\/324","targetHints":{"allow":["GET"]}}],"collection":[{"href":"https:\/\/www.gsheli.de\/index.php?rest_route=\/wp\/v2\/pages"}],"about":[{"href":"https:\/\/www.gsheli.de\/index.php?rest_route=\/wp\/v2\/types\/page"}],"author":[{"embeddable":true,"href":"https:\/\/www.gsheli.de\/index.php?rest_route=\/wp\/v2\/users\/4"}],"replies":[{"embeddable":true,"href":"https:\/\/www.gsheli.de\/index.php?rest_route=%2Fwp%2Fv2%2Fcomments&post=324"}],"version-history":[{"count":4,"href":"https:\/\/www.gsheli.de\/index.php?rest_route=\/wp\/v2\/pages\/324\/revisions"}],"predecessor-version":[{"id":809,"href":"https:\/\/www.gsheli.de\/index.php?rest_route=\/wp\/v2\/pages\/324\/revisions\/809"}],"wp:attachment":[{"href":"https:\/\/www.gsheli.de\/index.php?rest_route=%2Fwp%2Fv2%2Fmedia&parent=324"}],"curies":[{"name":"wp","href":"https:\/\/api.w.org\/{rel}","templated":true}]}}